{"id":36,"date":"2024-04-24T06:17:31","date_gmt":"2024-04-24T06:17:31","guid":{"rendered":"https:\/\/xn--profi-stylistin-wdenswil-6bc.revier.ch\/?page_id=36"},"modified":"2024-04-24T06:17:31","modified_gmt":"2024-04-24T06:17:31","slug":"hochzeit","status":"publish","type":"page","link":"https:\/\/xn--profi-stylistin-wdenswil-zh-rkc.logisch.ch\/index.php\/hochzeit\/","title":{"rendered":"Hochzeit"},"content":{"rendered":"\n<h1 class=\"wp-block-heading\">Alles f\u00fcr Ihren sch\u00f6nsten Tag<\/h1>\n\n\n\n<h2 class=\"wp-block-heading\"><strong>Diamond Deluxe<\/strong><\/h2>\n\n\n\n<figure class=\"wp-block-image size-full\"><img loading=\"lazy\" decoding=\"async\" width=\"1024\" height=\"681\" src=\"https:\/\/xn--profi-stylistin-wdenswil-zh-rkc.logisch.ch\/wp-content\/uploads\/2024\/04\/image-5.png\" alt=\"\" class=\"wp-image-37\" srcset=\"https:\/\/xn--profi-stylistin-wdenswil-zh-rkc.logisch.ch\/wp-content\/uploads\/2024\/04\/image-5.png 1024w, https:\/\/xn--profi-stylistin-wdenswil-zh-rkc.logisch.ch\/wp-content\/uploads\/2024\/04\/image-5-300x200.png 300w, https:\/\/xn--profi-stylistin-wdenswil-zh-rkc.logisch.ch\/wp-content\/uploads\/2024\/04\/image-5-768x511.png 768w\" sizes=\"auto, (max-width: 1024px) 100vw, 1024px\" \/><\/figure>\n\n\n\n<div class=\"wp-block-columns is-layout-flex wp-container-core-columns-is-layout-28f84493 wp-block-columns-is-layout-flex\">\n<div class=\"wp-block-column is-layout-flow wp-block-column-is-layout-flow\">\n<h4 class=\"wp-block-heading\">Planung Diamond Deluxe Hochzeit<\/h4>\n\n\n\n<p><strong>1. Termin:<\/strong><br>Beratung in meinem Atelier<br>Probe- Brautfrisur <br>Probe- Braut Make-up<\/p>\n\n\n\n<p><strong>2. Termin:<\/strong><br>Nachbesprechung und eventuelle \u00c4nderungen<br>Gemeinsame Vorbereitung<\/p>\n\n\n\n<p><strong>3. Termin:<\/strong><br>Vollst\u00e4ndiges neues Set Wimpern Extensions<\/p>\n\n\n\n<p><strong>4. Termin:<\/strong><strong><br><\/strong>Ich komme zu Ihrem grossen Tag und style und verw\u00f6hne Sie.<\/p>\n\n\n\n<p>Preis: SFr. 970.00<\/p>\n<\/div>\n\n\n\n<div class=\"wp-block-column is-layout-flow wp-block-column-is-layout-flow\">\n<figure class=\"wp-block-image size-full\"><img loading=\"lazy\" decoding=\"async\" width=\"511\" height=\"768\" src=\"https:\/\/xn--profi-stylistin-wdenswil-zh-rkc.logisch.ch\/wp-content\/uploads\/2024\/04\/image-6.png\" alt=\"\" class=\"wp-image-38\" srcset=\"https:\/\/xn--profi-stylistin-wdenswil-zh-rkc.logisch.ch\/wp-content\/uploads\/2024\/04\/image-6.png 511w, https:\/\/xn--profi-stylistin-wdenswil-zh-rkc.logisch.ch\/wp-content\/uploads\/2024\/04\/image-6-200x300.png 200w\" sizes=\"auto, (max-width: 511px) 100vw, 511px\" \/><\/figure>\n<\/div>\n<\/div>\n\n\n\n<h2 class=\"wp-block-heading\"><strong>Platin<\/strong><\/h2>\n\n\n\n<figure class=\"wp-block-image size-full\"><img loading=\"lazy\" decoding=\"async\" width=\"1024\" height=\"682\" src=\"https:\/\/xn--profi-stylistin-wdenswil-zh-rkc.logisch.ch\/wp-content\/uploads\/2024\/05\/Braut-Schleier.jpeg\" alt=\"\" class=\"wp-image-255\" srcset=\"https:\/\/xn--profi-stylistin-wdenswil-zh-rkc.logisch.ch\/wp-content\/uploads\/2024\/05\/Braut-Schleier.jpeg 1024w, https:\/\/xn--profi-stylistin-wdenswil-zh-rkc.logisch.ch\/wp-content\/uploads\/2024\/05\/Braut-Schleier-300x200.jpeg 300w, https:\/\/xn--profi-stylistin-wdenswil-zh-rkc.logisch.ch\/wp-content\/uploads\/2024\/05\/Braut-Schleier-768x512.jpeg 768w\" sizes=\"auto, (max-width: 1024px) 100vw, 1024px\" \/><\/figure>\n\n\n\n<div class=\"wp-block-columns is-layout-flex wp-container-core-columns-is-layout-28f84493 wp-block-columns-is-layout-flex\">\n<div class=\"wp-block-column is-layout-flow wp-block-column-is-layout-flow\">\n<h4 class=\"wp-block-heading\">Planung Platin Hochzeit<\/h4>\n\n\n\n<p><strong>1. Termin:<\/strong><br>Beratung in meinem Atelier<br>Probe- Brautfrisur<br>Probe- Braut Make-up<\/p>\n\n\n\n<p><strong>2. Termin:<\/strong><br>Nachbesprechung und eventuelle \u00c4nderungen<br>Gemeinsame Vorbereitung<\/p>\n\n\n\n<p><strong>3. Termin:<\/strong><br>Ich komme zu Ihrem grossen Tag und style und verw\u00f6hne Sie.<\/p>\n\n\n\n<p>Preis: SFr. 650.00<\/p>\n<\/div>\n\n\n\n<div class=\"wp-block-column is-layout-flow wp-block-column-is-layout-flow\">\n<figure class=\"wp-block-image size-full\"><img loading=\"lazy\" decoding=\"async\" width=\"512\" height=\"768\" src=\"https:\/\/xn--profi-stylistin-wdenswil-zh-rkc.logisch.ch\/wp-content\/uploads\/2024\/05\/Braut-am-See.jpeg\" alt=\"\" class=\"wp-image-259\" srcset=\"https:\/\/xn--profi-stylistin-wdenswil-zh-rkc.logisch.ch\/wp-content\/uploads\/2024\/05\/Braut-am-See.jpeg 512w, https:\/\/xn--profi-stylistin-wdenswil-zh-rkc.logisch.ch\/wp-content\/uploads\/2024\/05\/Braut-am-See-200x300.jpeg 200w\" sizes=\"auto, (max-width: 512px) 100vw, 512px\" \/><\/figure>\n\n\n\n<p><\/p>\n<\/div>\n<\/div>\n\n\n\n<h2 class=\"wp-block-heading\"><strong>Gold<\/strong><\/h2>\n\n\n\n<figure class=\"wp-block-image size-full\"><img loading=\"lazy\" decoding=\"async\" width=\"1024\" height=\"683\" src=\"https:\/\/xn--profi-stylistin-wdenswil-zh-rkc.logisch.ch\/wp-content\/uploads\/2024\/05\/7257_20210328_bartelsphotography.jpg\" alt=\"\" class=\"wp-image-355\" srcset=\"https:\/\/xn--profi-stylistin-wdenswil-zh-rkc.logisch.ch\/wp-content\/uploads\/2024\/05\/7257_20210328_bartelsphotography.jpg 1024w, https:\/\/xn--profi-stylistin-wdenswil-zh-rkc.logisch.ch\/wp-content\/uploads\/2024\/05\/7257_20210328_bartelsphotography-300x200.jpg 300w, https:\/\/xn--profi-stylistin-wdenswil-zh-rkc.logisch.ch\/wp-content\/uploads\/2024\/05\/7257_20210328_bartelsphotography-768x512.jpg 768w\" sizes=\"auto, (max-width: 1024px) 100vw, 1024px\" \/><\/figure>\n\n\n\n<div class=\"wp-block-columns is-layout-flex wp-container-core-columns-is-layout-28f84493 wp-block-columns-is-layout-flex\">\n<div class=\"wp-block-column is-layout-flow wp-block-column-is-layout-flow\">\n<p>Braut Make-up und Haar Styling Steckfrisur <br>inklusive 1 Probetermin und Beratung<\/p>\n\n\n\n<p>Preis: SFr. 350.00 bis SFr. 450.00<\/p>\n\n\n\n<p><\/p>\n\n\n\n<p><\/p>\n\n\n\n<p><\/p>\n\n\n\n<p><\/p>\n\n\n\n<p><\/p>\n\n\n\n<p><\/p>\n\n\n\n<p><\/p>\n\n\n\n<p><\/p>\n\n\n\n<h2 class=\"wp-block-heading\"><strong>Silber<\/strong><\/h2>\n<\/div>\n\n\n\n<div class=\"wp-block-column is-layout-flow wp-block-column-is-layout-flow\">\n<figure class=\"wp-block-image size-full is-resized\"><img loading=\"lazy\" decoding=\"async\" width=\"1024\" height=\"1536\" src=\"https:\/\/xn--profi-stylistin-wdenswil-zh-rkc.logisch.ch\/wp-content\/uploads\/2024\/05\/6564_20210328_bartelsphotography.jpg\" alt=\"\" class=\"wp-image-353\" style=\"width:316px;height:auto\" srcset=\"https:\/\/xn--profi-stylistin-wdenswil-zh-rkc.logisch.ch\/wp-content\/uploads\/2024\/05\/6564_20210328_bartelsphotography.jpg 1024w, https:\/\/xn--profi-stylistin-wdenswil-zh-rkc.logisch.ch\/wp-content\/uploads\/2024\/05\/6564_20210328_bartelsphotography-200x300.jpg 200w, https:\/\/xn--profi-stylistin-wdenswil-zh-rkc.logisch.ch\/wp-content\/uploads\/2024\/05\/6564_20210328_bartelsphotography-683x1024.jpg 683w, https:\/\/xn--profi-stylistin-wdenswil-zh-rkc.logisch.ch\/wp-content\/uploads\/2024\/05\/6564_20210328_bartelsphotography-768x1152.jpg 768w\" sizes=\"auto, (max-width: 1024px) 100vw, 1024px\" \/><\/figure>\n<\/div>\n<\/div>\n\n\n\n<figure class=\"wp-block-image size-full\"><img loading=\"lazy\" decoding=\"async\" width=\"1024\" height=\"683\" src=\"https:\/\/xn--profi-stylistin-wdenswil-zh-rkc.logisch.ch\/wp-content\/uploads\/2024\/05\/5221_20210328_bartelsphotography.jpg\" alt=\"\" class=\"wp-image-344\" srcset=\"https:\/\/xn--profi-stylistin-wdenswil-zh-rkc.logisch.ch\/wp-content\/uploads\/2024\/05\/5221_20210328_bartelsphotography.jpg 1024w, https:\/\/xn--profi-stylistin-wdenswil-zh-rkc.logisch.ch\/wp-content\/uploads\/2024\/05\/5221_20210328_bartelsphotography-300x200.jpg 300w, https:\/\/xn--profi-stylistin-wdenswil-zh-rkc.logisch.ch\/wp-content\/uploads\/2024\/05\/5221_20210328_bartelsphotography-768x512.jpg 768w\" sizes=\"auto, (max-width: 1024px) 100vw, 1024px\" \/><\/figure>\n\n\n\n<div class=\"wp-block-columns is-layout-flex wp-container-core-columns-is-layout-28f84493 wp-block-columns-is-layout-flex\">\n<div class=\"wp-block-column is-layout-flow wp-block-column-is-layout-flow\">\n<p>Hochzeitsfrisur, Haar- Styling <br>Steckfrisur<\/p>\n\n\n\n<p>Preis: SFr. 200<\/p>\n<\/div>\n\n\n\n<div class=\"wp-block-column is-layout-flow wp-block-column-is-layout-flow\">\n<figure class=\"wp-block-image size-large\"><img loading=\"lazy\" decoding=\"async\" width=\"683\" height=\"1024\" src=\"https:\/\/xn--profi-stylistin-wdenswil-zh-rkc.logisch.ch\/wp-content\/uploads\/2024\/05\/5819_20210328_bartelsphotography-1-683x1024.jpg\" alt=\"\" class=\"wp-image-347\" srcset=\"https:\/\/xn--profi-stylistin-wdenswil-zh-rkc.logisch.ch\/wp-content\/uploads\/2024\/05\/5819_20210328_bartelsphotography-1-683x1024.jpg 683w, https:\/\/xn--profi-stylistin-wdenswil-zh-rkc.logisch.ch\/wp-content\/uploads\/2024\/05\/5819_20210328_bartelsphotography-1-200x300.jpg 200w, https:\/\/xn--profi-stylistin-wdenswil-zh-rkc.logisch.ch\/wp-content\/uploads\/2024\/05\/5819_20210328_bartelsphotography-1-768x1152.jpg 768w, https:\/\/xn--profi-stylistin-wdenswil-zh-rkc.logisch.ch\/wp-content\/uploads\/2024\/05\/5819_20210328_bartelsphotography-1.jpg 1024w\" sizes=\"auto, (max-width: 683px) 100vw, 683px\" \/><\/figure>\n<\/div>\n<\/div>\n\n\n\n<hr class=\"wp-block-separator has-alpha-channel-opacity\"\/>\n\n\n\n<h2 class=\"wp-block-heading\"><strong>Braut MakeUp<\/strong><\/h2>\n\n\n\n<p>Preis: SFr. 200<\/p>\n\n\n\n<p><strong>Jedes weitere Styling<\/strong> (Hair &amp; Make-up) f\u00fcr Brautg\u00e4ste:<\/p>\n\n\n\n<p>Preis: SFr. 125 p.P.<\/p>\n\n\n\n<p><strong>Anfahrt:<\/strong><\/p>\n\n\n\n<p>10 Km frei. Dann 1 SFr. \/ Km (Google Maps)<\/p>\n","protected":false},"excerpt":{"rendered":"<p>Alles f\u00fcr Ihren sch\u00f6nsten Tag Diamond Deluxe Planung Diamond Deluxe Hochzeit 1. Termin:Beratung in meinem AtelierProbe- Brautfrisur Probe- Braut Make-up 2. Termin:Nachbesprechung und eventuelle \u00c4nderungenGemeinsame Vorbereitung 3. Termin:Vollst\u00e4ndiges neues Set Wimpern Extensions 4. Termin:Ich komme zu Ihrem grossen Tag und style und verw\u00f6hne Sie. Preis: SFr. 970.00 Platin Planung Platin Hochzeit 1. Termin:Beratung in meinem [&hellip;]<\/p>\n","protected":false},"author":2,"featured_media":0,"parent":0,"menu_order":2,"comment_status":"closed","ping_status":"closed","template":"","meta":{"footnotes":""},"class_list":["post-36","page","type-page","status-publish","hentry"],"_links":{"self":[{"href":"https:\/\/xn--profi-stylistin-wdenswil-zh-rkc.logisch.ch\/index.php\/wp-json\/wp\/v2\/pages\/36","targetHints":{"allow":["GET"]}}],"collection":[{"href":"https:\/\/xn--profi-stylistin-wdenswil-zh-rkc.logisch.ch\/index.php\/wp-json\/wp\/v2\/pages"}],"about":[{"href":"https:\/\/xn--profi-stylistin-wdenswil-zh-rkc.logisch.ch\/index.php\/wp-json\/wp\/v2\/types\/page"}],"author":[{"embeddable":true,"href":"https:\/\/xn--profi-stylistin-wdenswil-zh-rkc.logisch.ch\/index.php\/wp-json\/wp\/v2\/users\/2"}],"replies":[{"embeddable":true,"href":"https:\/\/xn--profi-stylistin-wdenswil-zh-rkc.logisch.ch\/index.php\/wp-json\/wp\/v2\/comments?post=36"}],"version-history":[{"count":0,"href":"https:\/\/xn--profi-stylistin-wdenswil-zh-rkc.logisch.ch\/index.php\/wp-json\/wp\/v2\/pages\/36\/revisions"}],"wp:attachment":[{"href":"https:\/\/xn--profi-stylistin-wdenswil-zh-rkc.logisch.ch\/index.php\/wp-json\/wp\/v2\/media?parent=36"}],"curies":[{"name":"wp","href":"https:\/\/api.w.org\/{rel}","templated":true}]}}