{"id":41,"date":"2024-04-24T06:18:57","date_gmt":"2024-04-24T06:18:57","guid":{"rendered":"https:\/\/xn--profi-stylistin-wdenswil-6bc.revier.ch\/?page_id=41"},"modified":"2024-04-24T06:18:57","modified_gmt":"2024-04-24T06:18:57","slug":"preise","status":"publish","type":"page","link":"https:\/\/xn--profi-stylistin-wdenswil-zh-rkc.logisch.ch\/index.php\/preise\/","title":{"rendered":"Preise"},"content":{"rendered":"\n<div class=\"wp-block-columns is-layout-flex wp-container-core-columns-is-layout-28f84493 wp-block-columns-is-layout-flex\">\n<div class=\"wp-block-column is-layout-flow wp-block-column-is-layout-flow\">\n<h2 class=\"wp-block-heading\">Bezaubernde Augenblicke<\/h2>\n\n\n\n<figure class=\"wp-block-table\"><table><tbody><tr><td>Wimpern f\u00e4rben<\/td><td>SFr. 28<\/td><\/tr><tr><td>Augenbrauen f\u00e4rben<\/td><td>SFr. 22<\/td><\/tr><tr><td>Foto Make-up und Styling<br>(auch mit Airbrush m\u00f6glich)<\/td><td>SFr. 80 &#8211; 125<\/td><\/tr><\/tbody><\/table><figcaption class=\"wp-element-caption\">Tabellenunterschrift<\/figcaption><\/figure>\n\n\n\n<h2 class=\"wp-block-heading\">Kurse und Ausbildungen<\/h2>\n\n\n\n<p>Make-up Kurse f\u00fcr 1-2 Personen<br>Die kleine Make-up Schule<br>Prosecco zur Begr\u00fcssung<br> individuelles Make-up<br>F\u00fcr den Tag, Abend, festlich, Smokey Eyes\u2026<br><\/p>\n\n\n\n<figure class=\"wp-block-table\"><table><tbody><tr><td>ca. 2,5 Std.<\/td><td>SFr. 220 p. P.<\/td><\/tr><tr><td>Make-up Schulung<br>Einzelperson<\/td><td>SFr. 125\/Std.<\/td><\/tr><tr><td>Stundensatz<\/td><td>SFr. 125<\/td><\/tr><tr><td>Halbtagessatz (4 Std.)<\/td><td>SFr. 395<\/td><\/tr><tr><td>Tagessatz (8Std.)<\/td><td>SFr. 755<\/td><\/tr><tr><td>Anfahrt \u2003\u2003\u2003\u2003\u2003\u2003\u2003\u2003\u2003\u2003\u2003\u2003\u2003\u2003 10 Km frei<br>Jeder weitere Km (Google Maps)<\/td><td>SFr. 1.00 \/Km<\/td><\/tr><\/tbody><\/table><\/figure>\n<\/div>\n\n\n\n<div class=\"wp-block-column is-layout-flow wp-block-column-is-layout-flow\">\n<figure class=\"wp-block-image\"><a href=\"https:\/\/d2f0ora2gkri0g.cloudfront.net\/8f\/89\/8f89e481-2025-46a9-9652-b7f0879c6d52.jpg\"><img decoding=\"async\" src=\"https:\/\/d2f0ora2gkri0g.cloudfront.net\/8f\/89\/8f89e481-2025-46a9-9652-b7f0879c6d52.jpg\" alt=\"\" title=\"\"\/><\/a><\/figure>\n\n\n\n<iframe src=\"https:\/\/www.google.com\/maps\/embed?pb=!1m18!1m12!1m3!1d2709.381422880293!2d8.660288311825955!3d47.228684613877896!2m3!1f0!2f0!3f0!3m2!1i1024!2i768!4f13.1!3m3!1m2!1s0x479aae46091cbf1f%3A0x14d9fc7eaab56463!2sUntermosenstrasse%2019%2C%208820%20W%C3%A4denswil!5e0!3m2!1sde!2sch!4v1713942379221!5m2!1sde!2sch\" width=\"600\" height=\"450\" style=\"border:0;\" allowfullscreen=\"\" loading=\"lazy\" referrerpolicy=\"no-referrer-when-downgrade\"><\/iframe>\n<\/div>\n<\/div>\n","protected":false},"excerpt":{"rendered":"<p>Bezaubernde Augenblicke Wimpern f\u00e4rben SFr. 28 Augenbrauen f\u00e4rben SFr. 22 Foto Make-up und Styling(auch mit Airbrush m\u00f6glich) SFr. 80 &#8211; 125 Tabellenunterschrift Kurse und Ausbildungen Make-up Kurse f\u00fcr 1-2 PersonenDie kleine Make-up SchuleProsecco zur Begr\u00fcssung individuelles Make-upF\u00fcr den Tag, Abend, festlich, Smokey Eyes\u2026 ca. 2,5 Std. SFr. 220 p. P. Make-up SchulungEinzelperson SFr. 125\/Std. Stundensatz [&hellip;]<\/p>\n","protected":false},"author":2,"featured_media":0,"parent":0,"menu_order":2,"comment_status":"closed","ping_status":"closed","template":"","meta":{"footnotes":""},"class_list":["post-41","page","type-page","status-publish","hentry"],"_links":{"self":[{"href":"https:\/\/xn--profi-stylistin-wdenswil-zh-rkc.logisch.ch\/index.php\/wp-json\/wp\/v2\/pages\/41","targetHints":{"allow":["GET"]}}],"collection":[{"href":"https:\/\/xn--profi-stylistin-wdenswil-zh-rkc.logisch.ch\/index.php\/wp-json\/wp\/v2\/pages"}],"about":[{"href":"https:\/\/xn--profi-stylistin-wdenswil-zh-rkc.logisch.ch\/index.php\/wp-json\/wp\/v2\/types\/page"}],"author":[{"embeddable":true,"href":"https:\/\/xn--profi-stylistin-wdenswil-zh-rkc.logisch.ch\/index.php\/wp-json\/wp\/v2\/users\/2"}],"replies":[{"embeddable":true,"href":"https:\/\/xn--profi-stylistin-wdenswil-zh-rkc.logisch.ch\/index.php\/wp-json\/wp\/v2\/comments?post=41"}],"version-history":[{"count":0,"href":"https:\/\/xn--profi-stylistin-wdenswil-zh-rkc.logisch.ch\/index.php\/wp-json\/wp\/v2\/pages\/41\/revisions"}],"wp:attachment":[{"href":"https:\/\/xn--profi-stylistin-wdenswil-zh-rkc.logisch.ch\/index.php\/wp-json\/wp\/v2\/media?parent=41"}],"curies":[{"name":"wp","href":"https:\/\/api.w.org\/{rel}","templated":true}]}}