{"id":561,"date":"2024-05-22T17:25:01","date_gmt":"2024-05-22T17:25:01","guid":{"rendered":"https:\/\/xn--profi-stylistin-wdenswil-6bc.revier.ch\/?page_id=561"},"modified":"2024-05-22T17:25:01","modified_gmt":"2024-05-22T17:25:01","slug":"foto-make-up","status":"publish","type":"page","link":"https:\/\/xn--profi-stylistin-wdenswil-zh-rkc.logisch.ch\/index.php\/foto-make-up\/","title":{"rendered":"Foto Make Up"},"content":{"rendered":"\n<div class=\"wp-block-columns is-layout-flex wp-container-core-columns-is-layout-28f84493 wp-block-columns-is-layout-flex\">\n<div class=\"wp-block-column is-layout-flow wp-block-column-is-layout-flow\" style=\"flex-basis:66.66%\">\n<p>Durch professionelles Foto Make Up und Styling werden die Bilder um ein Vielfaches besser. Sei es f\u00fcr aussergew\u00f6hnliche Fotoshootings, Privatportrait oder ein Shooting in der Natur. Auch Aktfotos von Frauen f\u00fcr Frauen. Bei mir werden Sie perfekt in Szene gesetzt. <br><br>Das Foto Make Up wird anders geschminkt als ein \u00fcbliches Tages-Make Up. Da die Kamera die Farben etwas schluckt wird mehr Farbe aufgetragen. Ich unterstreiche Ihre pers\u00f6nlichen Merkmale an den richtigen Stellen um das Beste heraus zu zaubern.<\/p>\n<\/div>\n\n\n\n<div class=\"wp-block-column is-layout-flow wp-block-column-is-layout-flow\" style=\"flex-basis:33.33%\">\n<figure class=\"wp-block-image size-full\"><img loading=\"lazy\" decoding=\"async\" width=\"683\" height=\"1024\" src=\"https:\/\/xn--profi-stylistin-wdenswil-zh-rkc.logisch.ch\/wp-content\/uploads\/2024\/05\/Fotoshooting-Gala-Schweiz-7.jpg\" alt=\"\" class=\"wp-image-433\" srcset=\"https:\/\/xn--profi-stylistin-wdenswil-zh-rkc.logisch.ch\/wp-content\/uploads\/2024\/05\/Fotoshooting-Gala-Schweiz-7.jpg 683w, https:\/\/xn--profi-stylistin-wdenswil-zh-rkc.logisch.ch\/wp-content\/uploads\/2024\/05\/Fotoshooting-Gala-Schweiz-7-200x300.jpg 200w\" sizes=\"auto, (max-width: 683px) 100vw, 683px\" \/><\/figure>\n<\/div>\n<\/div>\n\n\n\n<div class=\"wp-block-columns is-layout-flex wp-container-core-columns-is-layout-28f84493 wp-block-columns-is-layout-flex\">\n<div class=\"wp-block-column is-layout-flow wp-block-column-is-layout-flow\" style=\"flex-basis:33.33%\">\n<figure class=\"wp-block-image size-full\"><img loading=\"lazy\" decoding=\"async\" width=\"683\" height=\"1024\" src=\"https:\/\/xn--profi-stylistin-wdenswil-zh-rkc.logisch.ch\/wp-content\/uploads\/2024\/05\/Fotoshooting-Gala-Schweiz-6.jpg\" alt=\"\" class=\"wp-image-432\" srcset=\"https:\/\/xn--profi-stylistin-wdenswil-zh-rkc.logisch.ch\/wp-content\/uploads\/2024\/05\/Fotoshooting-Gala-Schweiz-6.jpg 683w, https:\/\/xn--profi-stylistin-wdenswil-zh-rkc.logisch.ch\/wp-content\/uploads\/2024\/05\/Fotoshooting-Gala-Schweiz-6-200x300.jpg 200w\" sizes=\"auto, (max-width: 683px) 100vw, 683px\" \/><\/figure>\n<\/div>\n\n\n\n<div class=\"wp-block-column is-layout-flow wp-block-column-is-layout-flow\" style=\"flex-basis:66.66%\">\n<p>Gerne unterst\u00fctze ich Sie f\u00fcr Ihren glanzvollen Auftritt!<br>Ich arbeite mit tollen Fotograf*innen zusammen und kann Ihnen bei der Auswahl meine Empfehlung aussprechen. <br><br><a href=\"https:\/\/bartelsfotografie.ch\/\">Sandra Bartels<\/a>, Hochzeiten und mehr<br><a href=\"https:\/\/www.khadijaart.com\/\">Khadija Allenspach<\/a>, Kunst, Fashion und Beauty<br><a href=\"https:\/\/www.die-bildermacherin.ch\/\">Sandra Winiger<\/a>, Portrait<br><a href=\"http:\/\/ralf.eyertt.ch\/\">Ralf Eyertt<\/a>, Fashion<\/p>\n<\/div>\n<\/div>\n","protected":false},"excerpt":{"rendered":"<p>Durch professionelles Foto Make Up und Styling werden die Bilder um ein Vielfaches besser. Sei es f\u00fcr aussergew\u00f6hnliche Fotoshootings, Privatportrait oder ein Shooting in der Natur. Auch Aktfotos von Frauen f\u00fcr Frauen. Bei mir werden Sie perfekt in Szene gesetzt. Das Foto Make Up wird anders geschminkt als ein \u00fcbliches Tages-Make Up. Da die Kamera [&hellip;]<\/p>\n","protected":false},"author":3,"featured_media":0,"parent":0,"menu_order":0,"comment_status":"closed","ping_status":"closed","template":"","meta":{"footnotes":""},"class_list":["post-561","page","type-page","status-publish","hentry"],"_links":{"self":[{"href":"https:\/\/xn--profi-stylistin-wdenswil-zh-rkc.logisch.ch\/index.php\/wp-json\/wp\/v2\/pages\/561","targetHints":{"allow":["GET"]}}],"collection":[{"href":"https:\/\/xn--profi-stylistin-wdenswil-zh-rkc.logisch.ch\/index.php\/wp-json\/wp\/v2\/pages"}],"about":[{"href":"https:\/\/xn--profi-stylistin-wdenswil-zh-rkc.logisch.ch\/index.php\/wp-json\/wp\/v2\/types\/page"}],"author":[{"embeddable":true,"href":"https:\/\/xn--profi-stylistin-wdenswil-zh-rkc.logisch.ch\/index.php\/wp-json\/wp\/v2\/users\/3"}],"replies":[{"embeddable":true,"href":"https:\/\/xn--profi-stylistin-wdenswil-zh-rkc.logisch.ch\/index.php\/wp-json\/wp\/v2\/comments?post=561"}],"version-history":[{"count":0,"href":"https:\/\/xn--profi-stylistin-wdenswil-zh-rkc.logisch.ch\/index.php\/wp-json\/wp\/v2\/pages\/561\/revisions"}],"wp:attachment":[{"href":"https:\/\/xn--profi-stylistin-wdenswil-zh-rkc.logisch.ch\/index.php\/wp-json\/wp\/v2\/media?parent=561"}],"curies":[{"name":"wp","href":"https:\/\/api.w.org\/{rel}","templated":true}]}}