{"id":95,"date":"2024-04-25T17:19:12","date_gmt":"2024-04-25T17:19:12","guid":{"rendered":"https:\/\/xn--profi-stylistin-wdenswil-6bc.revier.ch\/?page_id=95"},"modified":"2024-04-25T17:19:12","modified_gmt":"2024-04-25T17:19:12","slug":"spielwiese","status":"publish","type":"page","link":"https:\/\/xn--profi-stylistin-wdenswil-zh-rkc.logisch.ch\/index.php\/spielwiese\/","title":{"rendered":"Spielwiese"},"content":{"rendered":"<nav class=\"is-responsive wp-block-navigation is-layout-flex wp-block-navigation-is-layout-flex\" aria-label=\"Navigation\" \n\t\t data-wp-interactive=\"core\/navigation\" data-wp-context='{\"overlayOpenedBy\":{\"click\":false,\"hover\":false,\"focus\":false},\"type\":\"overlay\",\"roleAttribute\":\"\",\"ariaLabel\":\"Men\\u00fc\"}'><button aria-haspopup=\"dialog\" aria-label=\"Men\u00fc \u00f6ffnen\" class=\"wp-block-navigation__responsive-container-open\" \n\t\t\t\tdata-wp-on--click=\"actions.openMenuOnClick\"\n\t\t\t\tdata-wp-on--keydown=\"actions.handleMenuKeydown\"\n\t\t\t><svg width=\"24\" height=\"24\" xmlns=\"http:\/\/www.w3.org\/2000\/svg\" viewBox=\"0 0 24 24\" aria-hidden=\"true\" focusable=\"false\"><path d=\"M4 7.5h16v1.5H4z\"><\/path><path d=\"M4 15h16v1.5H4z\"><\/path><\/svg><\/button>\n\t\t\t\t<div class=\"wp-block-navigation__responsive-container\"  id=\"modal-1\" \n\t\t\t\tdata-wp-class--has-modal-open=\"state.isMenuOpen\"\n\t\t\t\tdata-wp-class--is-menu-open=\"state.isMenuOpen\"\n\t\t\t\tdata-wp-watch=\"callbacks.initMenu\"\n\t\t\t\tdata-wp-on--keydown=\"actions.handleMenuKeydown\"\n\t\t\t\tdata-wp-on--focusout=\"actions.handleMenuFocusout\"\n\t\t\t\ttabindex=\"-1\"\n\t\t\t>\n\t\t\t\t\t<div class=\"wp-block-navigation__responsive-close\" tabindex=\"-1\">\n\t\t\t\t\t\t<div class=\"wp-block-navigation__responsive-dialog\" \n\t\t\t\tdata-wp-bind--aria-modal=\"state.ariaModal\"\n\t\t\t\tdata-wp-bind--aria-label=\"state.ariaLabel\"\n\t\t\t\tdata-wp-bind--role=\"state.roleAttribute\"\n\t\t\t>\n\t\t\t\t\t\t\t<button aria-label=\"Men\u00fc schlie\u00dfen\" class=\"wp-block-navigation__responsive-container-close\" \n\t\t\t\tdata-wp-on--click=\"actions.closeMenuOnClick\"\n\t\t\t><svg xmlns=\"http:\/\/www.w3.org\/2000\/svg\" viewBox=\"0 0 24 24\" width=\"24\" height=\"24\" aria-hidden=\"true\" focusable=\"false\"><path d=\"m13.06 12 6.47-6.47-1.06-1.06L12 10.94 5.53 4.47 4.47 5.53 10.94 12l-6.47 6.47 1.06 1.06L12 13.06l6.47 6.47 1.06-1.06L13.06 12Z\"><\/path><\/svg><\/button>\n\t\t\t\t\t\t\t<div class=\"wp-block-navigation__responsive-container-content\" \n\t\t\t\tdata-wp-watch=\"callbacks.focusFirstElement\"\n\t\t\t id=\"modal-1-content\">\n\t\t\t\t\t\t\t\t<ul class=\"wp-block-navigation__container is-responsive wp-block-navigation\"><li class=\" wp-block-navigation-item wp-block-navigation-link\"><a class=\"wp-block-navigation-item__content\"  href=\"https:\/\/xn--profi-stylistin-wdenswil-6bc.revier.ch\/entwurf-bilder\/\"><span class=\"wp-block-navigation-item__label\">Entwurf Bilder<\/span><\/a><\/li><li class=\" wp-block-navigation-item wp-block-navigation-link\"><a class=\"wp-block-navigation-item__content\"  href=\"https:\/\/xn--profi-stylistin-wdenswil-6bc.revier.ch\/spielwiese__trashed\/test-01\/\"><span class=\"wp-block-navigation-item__label\">Test 01<\/span><\/a><\/li><li class=\" wp-block-navigation-item wp-block-navigation-link\"><a class=\"wp-block-navigation-item__content\"  href=\"https:\/\/xn--profi-stylistin-wdenswil-6bc.revier.ch\/test-02\/\"><span class=\"wp-block-navigation-item__label\">Test 02<\/span><\/a><\/li><li class=\" wp-block-navigation-item wp-block-navigation-link\"><a class=\"wp-block-navigation-item__content\"  href=\"https:\/\/xn--profi-stylistin-wdenswil-6bc.revier.ch\/spielwiese\"><span class=\"wp-block-navigation-item__label\">Spielwiese<\/span><\/a><\/li><\/ul>\n\t\t\t\t\t\t\t<\/div>\n\t\t\t\t\t\t<\/div>\n\t\t\t\t\t<\/div>\n\t\t\t\t<\/div><\/nav>\n\n\n<p>Hier ist eine unwichtige Seite welche die Verlinkung zum Spielen beinhaltet. Obwohl die Seite unwichtig ist, darf sie im Moment nicht gel\u00f6scht werden. Ich brauche sie um die Indexierung bei Google zu kontrollieren. Letzte Pr\u00fcfung 21.06.24<\/p>\n\n\n\n<p>Die Seite mit den Beispielen <a href=\"https:\/\/xn--profi-stylistin-wdenswil-6bc.revier.ch\/entwurf\/\" data-type=\"page\" data-id=\"76\">Entwurf<\/a>.<\/p>\n\n\n\n<p>Zur Seite <a href=\"https:\/\/xn--profi-stylistin-wdenswil-6bc.revier.ch\/test-01\/\" data-type=\"page\" data-id=\"97\">Test 01<\/a> damit man \u00fcben kann.<\/p>\n\n\n\n<p>Zur Seite <a href=\"https:\/\/xn--profi-stylistin-wdenswil-6bc.revier.ch\/test-02\/\" data-type=\"page\" data-id=\"107\">Test 02<\/a> damit Du noch mehr \u00fcben kannst.<\/p>\n\n\n\n<p>Hier geht es zum Start von WordPress Beschreibungen <a href=\"https:\/\/markus-winter.ch\/faktenwissen\/wordpress-webseiten\/wordpress-fuer-einsteiger\/\" target=\"_blank\" rel=\"noreferrer noopener\">https:\/\/markus-winter.ch\/faktenwissen\/wordpress-webseiten\/wordpress-fuer-einsteiger\/<\/a><\/p>\n\n\n\n<p>F\u00fcr Text Schreiben ist die Hilfe hier: <a href=\"https:\/\/markus-winter.ch\/faktenwissen\/wordpress-webseiten\/wordpress-fuer-einsteiger\/wp-seite-bearbeiten\/\" target=\"_blank\" rel=\"noreferrer noopener\">https:\/\/markus-winter.ch\/faktenwissen\/wordpress-webseiten\/wordpress-fuer-einsteiger\/wp-seite-bearbeiten\/<\/a><\/p>\n\n\n\n<hr class=\"wp-block-separator has-alpha-channel-opacity\"\/>\n","protected":false},"excerpt":{"rendered":"<p>Hier ist eine unwichtige Seite welche die Verlinkung zum Spielen beinhaltet. Obwohl die Seite unwichtig ist, darf sie im Moment nicht gel\u00f6scht werden. Ich brauche sie um die Indexierung bei Google zu kontrollieren. Letzte Pr\u00fcfung 21.06.24 Die Seite mit den Beispielen Entwurf. Zur Seite Test 01 damit man \u00fcben kann. Zur Seite Test 02 damit [&hellip;]<\/p>\n","protected":false},"author":2,"featured_media":0,"parent":0,"menu_order":2,"comment_status":"closed","ping_status":"closed","template":"","meta":{"footnotes":""},"class_list":["post-95","page","type-page","status-publish","hentry"],"_links":{"self":[{"href":"https:\/\/xn--profi-stylistin-wdenswil-zh-rkc.logisch.ch\/index.php\/wp-json\/wp\/v2\/pages\/95","targetHints":{"allow":["GET"]}}],"collection":[{"href":"https:\/\/xn--profi-stylistin-wdenswil-zh-rkc.logisch.ch\/index.php\/wp-json\/wp\/v2\/pages"}],"about":[{"href":"https:\/\/xn--profi-stylistin-wdenswil-zh-rkc.logisch.ch\/index.php\/wp-json\/wp\/v2\/types\/page"}],"author":[{"embeddable":true,"href":"https:\/\/xn--profi-stylistin-wdenswil-zh-rkc.logisch.ch\/index.php\/wp-json\/wp\/v2\/users\/2"}],"replies":[{"embeddable":true,"href":"https:\/\/xn--profi-stylistin-wdenswil-zh-rkc.logisch.ch\/index.php\/wp-json\/wp\/v2\/comments?post=95"}],"version-history":[{"count":0,"href":"https:\/\/xn--profi-stylistin-wdenswil-zh-rkc.logisch.ch\/index.php\/wp-json\/wp\/v2\/pages\/95\/revisions"}],"wp:attachment":[{"href":"https:\/\/xn--profi-stylistin-wdenswil-zh-rkc.logisch.ch\/index.php\/wp-json\/wp\/v2\/media?parent=95"}],"curies":[{"name":"wp","href":"https:\/\/api.w.org\/{rel}","templated":true}]}}